mber?
False
Is 21729055057 a composite number?
True
Is 7879181423 composite?
False
Is 982442233 composite?
False
Is 28889233459 a composite number?
False
Is 56836807 a prime number?
False
Is 363117509 a prime number?
True
Is 73188940303 prime?
True
Is 209419123 a prime number?
True
Is 7560989837 composite?
True
Is 21452400539 composite?
False
Is 2225326277 prime?
True
Is 70371858301 a prime number?
True
Is 18797654641 a prime number?
True
Is 3120953999 composite?
True
Is 8828871533 composite?
False
Is 8157809357 prime?
True
Is 6474944909 a composite number?
True
Is 392653979 composite?
True
Is 669719189 prime?
True
Is 906621229 a prime number?
False
Is 1256116591 a composite number?
True
Is 944210933 prime?
True
Is 6066777683 prime?
False
Is 1022710471 composite?
True
Is 71975927 a composite number?
False
Is 1544248973 prime?
False
Is 149309801 a prime number?
False
Is 977218009 composite?
False
Is 25596209473 composite?
False
Is 7754861983 prime?
False
Is 3073134343 prime?
True
Is 59128265237 a composite number?
False
Is 5485108507 a prime number?
True
Is 223647419 a prime number?
True
Is 55315367 a composite number?
False
Is 1500363643 a composite number?
False
Is 7407644809 a composite number?
True
Is 191455463 composite?
True
Is 3795798691 composite?
True
Is 1812420499 a composite number?
True
Is 404909443 prime?
True
Is 75419702557 a prime number?
True
Is 467758561 a prime number?
False
Is 411897221 composite?
True
Is 1879720693 prime?
False
Is 3422682313 a prime number?
False
Is 267229631 composite?
False
Is 10708150361 a prime number?
False
Is 25911366217 composite?
True
Is 296988641 a prime number?
True
Is 315464951 prime?
True
Is 16593611863 prime?
True
Is 8461427069 prime?
True
Is 1569159799 composite?
False
Is 2026284803 composite?
False
Is 21496269281 a composite number?
True
Is 6626676893 composite?
False
Is 81696574913 prime?
True
Is 18556672413 composite?
True
Is 105069132911 a prime number?
True
Is 6947332991 a prime number?
True
Is 89770046854 composite?
True
Is 1327700747 a prime number?
True
Is 143783541841 a composite number?
True
Is 772001941 a prime number?
True
Is 5429899715 a prime number?
False
Is 1773586093 a composite number?
False
Is 2342682359 a prime number?
True
Is 225969057511 a prime number?
True
Is 3372830743 composite?
False
Is 12402434497 prime?
True
Is 607790357 prime?
True
Is 10891861303 a composite number?
False
Is 2726875121 a composite number?
False
Is 95431428457 composite?
False
Is 109310288909 a prime number?
False
Is 506333561 composite?
True
Is 14043131327 prime?
True
Is 61739663 a composite number?
False
Is 8344215049 composite?
False
Is 18336452369 a composite number?
True
Is 163334357 a prime number?
True
Is 4607844238 a composite number?
True
Is 4857325819 a composite number?
False
Is 10439202031 a composite number?
True
Is 913101851 composite?
False
Is 419064281 composite?
True
Is 2597298047 a composite number?
False
Is 2165200903 prime?
False
Is 1858994 a prime number?
False
Is 279126079 a prime number?
True
Is 5062432673 a prime number?
True
Is 1815620819 composite?
True
Is 3533576183 composite?
True
Is 5026191969 a prime number?
False
Is 1816851779 composite?
False
Is 2569164706 composite?
True
Is 68393362397 a composite number?
True
Is 3129088841 composite?
False
Is 5425604259 a prime number?
False
Is 677296957 composite?
True
Is 1859478847 a prime number?
True
Is 3531124823 a prime number?
True
Is 8505025597 composite?
True
Is 16880480509 a composite number?
True
Is 1184622253 composite?
False
Is 3154751533 a prime number?
False
Is 62118325433 a composite number?
True
Is 1125734507 prime?
True
Is 1606697461 prime?
False
Is 3519397019 a composite number?
False
Is 8190396142 prime?
False
Is 8864426507 prime?
True
Is 3377322167 a composite number?
False
Is 274897806361 a prime number?
False
Is 1853012989 composite?
False
Is 77746030001 a prime number?
True
Is 6664477685 a composite number?
True
Is 49930967981 prime?
False
Is 16594476313 composite?
False
Is 1575797741 a composite number?
True
Is 2956545517 a composite number?
False
Is 2194550123 a prime number?
True
Is 2101262489 a prime number?
False
Is 108161513491 prime?
True
Is 103003702897 a composite number?
False
Is 2940867521 prime?
False
Is 259268809 a composite number?
True
Is 21107793043 prime?
False
Is 1359739567 composite?
False
Is 61222537 a prime number?
True
Is 1285589197 composite?
False
Is 48176487559 a prime number?
True
Is 1725734707 prime?
True
Is 1752249431 a composite number?
True
Is 50987891 a composite number?
True
Is 3760111699 a prime number?
True
Is 30094369295 composite?
True
Is 15502226709 a composite number?
True
Is 18658127 composite?
False
Is 6680628463 a prime number?
False
Is 1499072251 a prime number?
False
Is 179489402 a prime number?
False
Is 31399009693 composite?
True
Is 47164930831 a prime number?
True
Is 17873689033 composite?
True
Is 6810905999 a composite number?
False
Is 10812421691 a prime number?
True
Is 5818627223 a prime number?
True
Is 8787076097 composite?
True
Is 158667791 a prime number?
True
Is 78658410121 prime?
False
Is 1572397381 prime?
True
Is 172938238799 a composite number?
True
Is 18159442997 composite?
True
Is 19993557083 composite?
False
Is 113589941 a composite number?
False
Is 460385629 composite?
True
Is 53045209619 composite?
False
Is 949604371 prime?
False
Is 15792012989 a prime number?
True
Is 129830849 prime?
True
Is 8979339271 a composite number?
True
Is 6802645879 a composite number?
False
Is 36620802131 composite?
False
Is 151336019 composite?
False
Is 39248665667 a composite number?
False
Is 22478402207 a composite number?
False
Is 2190541967 composite?
False
Is 3863872921 a composite number?
False
Is 124712069593 a prime number?
False
Is 3578822465 a composite number?
True
Is 961940663 a composite number?
False
Is 355157857 a composite number?
True
Is 2301621809 composite?
False
Is 71118108483 a prime number?
False
Is 3602372863 prime?
True
Is 1931462761 composite?
False
Is 2339219059 prime?
True
Is 24461391839 a prime number?
True
Is 9310164703 prime?
False
Is 581823467 prime?
True
Is 120174249281 a prime number?
True
Is 140839559311 prime?
False
Is 1775115739 composite?
False
Is 579903821 prime?
False
Is 13301833183 a prime number?
False
Is 2053357547 a composite number?
False
Is 728660969 a composite number?
False
Is 1024693657 composite?
True
Is 4325807231 prime?
True
Is 365755365227 a composite number?
True
Is 1782272659 composite?
False
Is 4580565911 prime?
False
Is 1081137341 composite?
False
Is 110382035 a composite number?
True
Is 70656541999 composite?
False
Is 41003398 a composite number?
True
Is 17609606897 prime?
True
Is 10448209139 a composite number?
False
Is 6527921497 composite?
True
Is 2263671317 prime?
False
Is 110629993 composite?
True
Is 1195248655 a prime number?
False
Is 669684539 prime?
False
Is 754297091 prime?
False
Is 1856700607 composite?
False
Is 1494060767 a prime number?
False
Is 24855725005 a prime number?
False
Is 3402205217 a prime number?
True
Is 264937538467 prime?
False
Is 2265224527 a composite number?
False
Is 18382659683 prime?
True
Is 1165846343 a prime number?
False
Is 141720012653 a composite number?
False
Is 62617234733 a composite number?
True
Is 110216311 composite?
False
Is 21010843561 a prime number?
True
Is 179422439 a composite number?
True
Is 94858087669 a prime number?
True
Is 7384404977 prime?
True
Is 1169233063 composite?
True
Is 359089219 a prime number?
True
Is 22223092373 a composite number?
False
Is 40460587103 prime?
False
Is 3685059661 a composite number?
True
Is 7158241307 prime?
False
Is 8064882803 a prime number?
False
Is 50535542021 prime?
False
Is 47427223171 a composite number?
False
Is 2737650779 prime?
False
Is 252785639 prime?
True
Is 94364555323 prime?
False
Is 13739109577 composite?
False
Is 18716981359 a composite number?
False
Is 21356794451 composite?
True
Is 77126381557 a composite number?
False
Is 6139228658 a composite number?
True
Is 62142809 prime?
True
Is 879210089 composite?
False
Is 75494618633 a prime number?
False
Is 4231397227 composite?
True
Is 74292561571 a composite number?
False
Is 181078939 composite?
True
Is 129518890955 a composite number?
True
Is 174011457899 a prime numbe